te the remainder when 1778003 is divided by 37017.
1187
What is the remainder when 242007996 is divided by 14320?
14316
Calculate the remainder when 912547 is divided by 65180.
27
What is the remainder when 143390 is divided by 821?
536
Calculate the remainder when 2958652 is divided by 664.
532
What is the remainder when 1621325 is divided by 2255?
2235
What is the remainder when 141638 is divided by 141611?
27
Calculate the remainder when 13184648 is divided by 9118.
20
Calculate the remainder when 2057 is divided by 166.
65
Calculate the remainder when 23558 is divided by 1512.
878
What is the remainder when 380373 is divided by 789?
75
Calculate the remainder when 15422379 is divided by 6800.
6779
Calculate the remainder when 5925119 is divided by 94.
17
What is the remainder when 816400 is divided by 40819?
20
What is the remainder when 66156 is divided by 4817?
3535
Calculate the remainder when 699456 is divided by 153.
93
Calculate the remainder when 3005992 is divided by 751414.
336
What is the remainder when 1214285 is divided by 82?
29
Calculate the remainder when 50524 is divided by 1203.
1201
What is the remainder when 1688 is divided by 1643?
45
What is the remainder when 2042165 is divided by 753?
29
Calculate the remainder when 5807891 is divided by 2945.
351
Calculate the remainder when 34819780 is divided by 11606589.
13
Calculate the remainder when 15345 is divided by 515.
410
Calculate the remainder when 147980868 is divided by 167.
164
What is the remainder when 52663773 is divided by 12?
9
Calculate the remainder when 239077 is divided by 18362.
371
Calculate the remainder when 2336568 is divided by 1168284.
0
Calculate the remainder when 2718845 is divided by 476.
409
What is the remainder when 5842953 is divided by 2797?
20
What is the remainder when 2446049 is divided by 43?
37
What is the remainder when 31566588 is divided by 225?
213
What is the remainder when 12321692 is divided by 1232168?
12
Calculate the remainder when 1271323 is divided by 136.
131
What is the remainder when 3074805 is divided by 153739?
25
Calculate the remainder when 86403533 is divided by 335.
333
What is the remainder when 408496 is divided by 598?
62
Calculate the remainder when 103991 is divided by 20790.
41
Calculate the remainder when 11905453 is divided by 72154.
43
What is the remainder when 1615716 is divided by 46?
12
Calculate the remainder when 118841 is divided by 1305.
86
Calculate the remainder when 521994 is divided by 19320.
354
What is the remainder when 9501146 is divided by 4750513?
120
Calculate the remainder when 2237044 is divided by 1039.
77
What is the remainder when 296304 is divided by 80?
64
Calculate the remainder when 2566416 is divided by 153.
147
Calculate the remainder when 52017 is divided by 10144.
1297
What is the remainder when 5444 is divided by 117?
62
What is the remainder when 34683657 is divided by 6533?
6493
What is the remainder when 36266974 is divided by 271?
128
What is the remainder when 1782830 is divided by 254690?
0
Calculate the remainder when 250575 is divided by 62621.
91
What is the remainder when 629330 is divided by 17?
7
Calculate the remainder when 6326066 is divided by 93030.
26
Calculate the remainder when 4934924 is divided by 5725.
5699
What is the remainder when 20523 is divided by 1869?
1833
Calculate the remainder when 1347864 is divided by 323.
308
Calculate the remainder when 167358680 is divided by 29.
28
What is the remainder when 4569691 is divided by 91382?
591
What is the remainder when 97623769 is divided by 13?
9
What is the remainder when 723107 is divided by 511?
42
Calculate the remainder when 8564101 is divided by 71.
10
What is the remainder when 37470 is divided by 500?
470
What is the remainder when 811210 is divided by 2559?
7
Calculate the remainder when 46054 is divided by 4515.
904
What is the remainder when 15228858 is divided by 432?
426
Calculate the remainder when 48488 is divided by 7953.
770
Calculate the remainder when 15174339 is divided by 8482.
41
Calculate the remainder when 4152642 is divided by 5003.
152
Calculate the remainder when 7084 is divided by 123.
73
What is the remainder when 59038358 is divided by 2155?
2133
Calculate the remainder when 66047887 is divided by 83.
56
Calculate the remainder when 200767114 is divided by 5191.
5189
Calculate the remainder when 114324284 is divided by 590.
574
What is the remainder when 1778865 is divided by 37848?
9
What is the remainder when 33789 is divided by 9857?
4218
Calculate the remainder when 1268943 is divided by 1012.
907
Calculate the remainder when 14452716 is divided by 380334.
24
What is the remainder when 182037199 is divided by 1588?
1583
Calculate the remainder when 1417803 is divided by 177108.
939
Calculate the remainder when 44619 is divided by 3704.
171
What is the remainder when 92539 is divided by 253?
194
Calculate the remainder when 1809120 is divided by 361781.
215
What is the remainder when 19880 is divided by 4916?
216
What is the remainder when 64099745 is divided by 1186?
3
Calculate the remainder when 835081 is divided by 682.
313
Calculate the remainder when 1115731 is divided by 317.
208
Calculate the remainder when 349908802 is divided by 63.
61
What is the remainder when 616763 is divided by 269?
215
What is the remainder when 863793 is divided by 39234?
645
Calculate the remainder when 228976 is divided by 45762.
166
What is the remainder when 167261 is divided by 246?
227
Calculate the remainder when 9149694 is divided by 1524949.
0
Calculate the remainder when 27117 is divided by 3146.
1949
Calculate the remainder when 983495 is divided by 19280.
215
What is the remainder when 118922 is divided by 106?
96
What is the remainder when 6577493 is divided by 3327?
14
Calculate the remainder when 77689 is divided by 2676.
85
Calculate the remainder when 3933801 is divided by 437025.
576
What is the remainder when 557110 is divided by 601?
584
What is the remainder when 45657039 is divided by 880?
879
What is the remainder when 5292390 is divided by 661544?
38
What is the remainder when 36767 is divided by 1185?
32
What is the remainder when 709001053 is divided by 356?
353
Calculate the remainder when 14917 is divided by 878.
869
Calculate the remainder when 20350738 is divided by 20.
18
Calculate the remainder when 2062777 is divided by 136.
65
What is the remainder when 4935002 is divided by 14100?
2
Calculate the remainder when 544253 is divided by 252.
185
What is the remainder when 6158262 is divided by 1108?
1106
What is the remainder when 1064064 is divided by 633?
624
Calculate the remainder when 6811439 is divided by 4643.
158
What is the remainder when 9757080 is divided by 8455?
10
Calculate the remainder when 449207 is divided by 3537.
8
Calculate the remainder when 8505689 is divided by 53833.
75
What is the remainder when 5678586 is divided by 58542?
12
What is the remainder when 2388566 is divided by 873?
38
What is the remainder when 3896100 is divided by 1298700?
0
What is the remainder when 516707 is divided by 64526?
499
Calculate the remainder when 107898 is divided by 107851.
47
What is the remainder when 552010 is divided by 551197?
813
What is the remainder when 1892051151 is divided by 194?
191
What is the remainder when 585656 is divided by 249?
8
Calculate the remainder when 110 is divided by 35.
5
Calculate the remainder when 143893202 is divided by 4232153.
0
Calculate the remainder when 414145 is divided by 1155.
655
Calculate the remainder when 36528748 is divided by 3247.
3245
Calculate the remainder when 18316043 is divided by 303.
299
Calculate the remainder when 814423183 is divided by 44.
35
What is the remainder when 5627382 is divided by 4666?
186
What is the remainder when 133767 is divided by 429?
348
What is the remainder when 138481 is divided by 46097?
190
What is the remainder when 26911 is divided by 8899?
214
Calculate the remainder when 123415 is divided by 24637.
230
Calculate the remainder when 52921393 is divided by 1653793.
17
Calculate the remainder when 232493 is divided by 6093.
959
What is the remainder when 14163830 is divided by 99?
98
What is the remainder when 2354780 is divided by 96?
92
What is the remainder w